{"id":1293,"date":"2017-08-23T13:12:06","date_gmt":"2017-08-23T13:12:06","guid":{"rendered":"https:\/\/osd.al\/?page_id=1293"},"modified":"2022-04-14T09:26:42","modified_gmt":"2022-04-14T09:26:42","slug":"b1-2-2","status":"publish","type":"page","link":"https:\/\/aie-osd.al\/?page_id=1293","title":{"rendered":"\u00d6SD Zertifikat B1"},"content":{"rendered":"<p><span style=\"color: #0776b6;\"><strong>Objektivi i provimit <\/strong><\/span><\/p>\n<p><span style=\"color: #000000;\">Certifikata OSD B1 analizon kapacitetin p\u00ebr p\u00ebrdorim t\u00eb pavarur t\u00eb gjuh\u00ebs n\u00eb situata t\u00eb p\u00ebrditshme dhe t\u00eb jet\u00ebs profesionale, n\u00eb t\u00eb cil\u00ebn kandidati ka kapacitet gjuh\u00ebsor&nbsp; t\u00eb mjaftuesh\u00ebm&nbsp; n\u00eb lidhje me tema t\u00eb njohura dhe interesat personale. Ky test \u00ebsht\u00eb ofruar gjithashtu n\u00eb form\u00eb modulare, modulet e testimit, t\u00eb d\u00ebgjuarit, t\u00eb shkruarit dhe t\u00eb folurit mund t\u00eb merren n\u00eb m\u00ebnyr\u00eb t\u00eb pavarur n\u00eb koh\u00eb t\u00eb ndryshme. Ky test \u00ebsht\u00eb ofruar edhe p\u00ebr nx\u00ebn\u00ebsit e mosh\u00ebs mbi 16 vje\u00e7, dhe n\u00eb nj\u00eb version p\u00ebr t\u00eb rinjt\u00eb e mosh\u00ebs 12 deri 16 vje\u00e7.<\/span><\/p>\n<p><span style=\"color: #000000;\">Certifikata OSD B1 \u00ebsht\u00eb nj\u00eb certifikat\u00eb e p\u00ebrbashk\u00ebt e OSD, Goethe-Institut (GI) dhe Universitetit&nbsp; t\u00eb M\u00ebsimit dhe K\u00ebrkimeve n\u00eb Fribourg \/ Zvic\u00ebr dhe \u00ebsht\u00eb n\u00eb dispozicion n\u00eb t\u00eb gjith\u00eb bot\u00ebn nga t\u00eb dy qendrat OSD dhe Instituti Goethe.<\/span><\/p>\n<p><span style=\"color: #0776b6;\"><strong>Pjes\u00ebt e provimit<\/strong><\/span><\/p>\n<p><span style=\"color: #000000;\">&nbsp; &nbsp; &nbsp; &nbsp; &nbsp;<strong> T\u00eb lexuarit:<\/strong><\/span><\/p>\n<ul>\n<li><span style=\"color: #000000;\">Kjo pjese ka 3 detyra n\u00eb p\u00ebrb\u00ebrje t\u00eb saj .Kjo pjes\u00eb konsiston n\u00eb t\u00eb kuptuarit e blog posts, e-mails, artikuj gazetash, reklama dhe udh\u00ebzime me shkrim. Kandidat\u00ebt duhet t\u00eb ken\u00eb aft\u00ebsi &nbsp;t\u00eb kuptuarit t\u00eb opinioneve, informacionit, detajeve kryesore t\u00eb r\u00ebnd\u00ebsishme.<\/span><\/li>\n<li><span style=\"color: #000000;\">Koh\u00ebzgjatja: 65 minuta<\/span><\/li>\n<\/ul>\n<p>&nbsp;<br \/>\n<span style=\"color: #000000;\">&nbsp; &nbsp; &nbsp; &nbsp; &nbsp;<strong>T\u00eb d\u00ebgjuarit<\/strong><\/span><\/p>\n<ul>\n<li><span style=\"color: #000000;\">Kjo pjes\u00eb ka 3 detyra n\u00eb p\u00ebrb\u00ebrje t\u00eb saj. Kandidati do t\u00eb&nbsp; vler\u00ebsohet&nbsp; n\u00eb aft\u00ebsit\u00eb e t\u00eb&nbsp;kuptuarit njoftime, ligj\u00ebrata t\u00eb shkurtra, bisedime joformale dhe diskutime n\u00eb radio. Ato jan\u00eb t\u00eb dizenjuara p\u00ebr t\u00eb kapur mesazhet kryesore dhe detajet e r\u00ebnd\u00ebsishme.<\/span><\/li>\n<li><span style=\"color: #000000;\">Koh\u00ebzgjatja: rreth 40 minuta<\/span><\/li>\n<\/ul>\n<p>&nbsp;<br \/>\n<span style=\"color: #000000;\">&nbsp; &nbsp; &nbsp; &nbsp; &nbsp;<strong>T\u00eb shkruarit:<\/strong><\/span><\/p>\n<ul>\n<li><span style=\"color: #000000;\">Kjo pjes\u00eb ka 3 detyra n\u00eb p\u00ebrb\u00ebrjen e saj. Kandidati do t\u00eb&nbsp; vler\u00ebsohet&nbsp; n\u00eb aft\u00ebsit\u00eb e t\u00eb shkruarit&nbsp; email\/letra personale dhe formale dhe t\u00eb shprehjes s\u00eb mendimit t\u00eb tyre me shkrim. Provimi me shkrim vler\u00ebsohet sipas kritereve t\u00eb p\u00ebrcaktuara.<\/span><\/li>\n<li><span style=\"color: #000000;\">Kohezgjatja 60 minuta<\/span><\/li>\n<\/ul>\n<p>&nbsp;<br \/>\n<span style=\"color: #000000;\">&nbsp; &nbsp; &nbsp; &nbsp; &nbsp;<strong>T\u00eb folurit:<\/strong><\/span><\/p>\n<ul>\n<li><span style=\"color: #000000;\">Kjo pjes\u00eb ka 2 detyra n\u00eb p\u00ebrb\u00ebrje t\u00eb saj: Biseda me partnerin\/partneren tuaj n\u00eb lidhje me nj\u00eb tem\u00eb t\u00eb jet\u00ebs s\u00eb p\u00ebrditshme. Kandidati i p\u00ebrgjigjet pyetjeve, ka aft\u00ebsi p\u00ebr t\u00eb shprehur mendimin tij dhe t\u2019i shprehi sugjerime partnerit\/kandidatit tjet\u00ebr .<\/span><\/li>\n<li><span style=\"color: #000000;\">Kandidat\u00ebt mbajn\u00eb nj\u00eb prezantim mbi nj\u00eb tem\u00eb nga jeta e p\u00ebrditshme dhe &nbsp;detyra e fundit jan\u00eb pyetjet dhe p\u00ebrgjigjet rreth prezantimit t\u00eb mbajtur. Provimi me goj\u00eb vler\u00ebsohet sipas kritereve t\u00eb p\u00ebrcaktuara.<\/span><\/li>\n<li><span style=\"color: #000000;\">Koh\u00ebzgjatja: rreth 15- 20 minuta<\/span><\/li>\n<\/ul>\n<p>&nbsp;<\/p>\n<p><a href=\"https:\/\/aie-osd.al\/wp-content\/uploads\/2018\/07\/Modellsatz-ZB1_19_04_18.pdf\" target=\"_blank\" rel=\"noopener\">Klikoni k\u00ebtu p\u00ebr download- shembull provimi B1<\/a><\/p>\n<div class='sfsi_Sicons' style='width: 100%; display: inline-block; vertical-align: middle; text-align:right'><div style='margin:0px 8px 0px 0px; line-height: 24px'><span>Please follow and like us:<\/span><\/div><div class='sfsi_socialwpr'><div class='sf_subscrbe' style='text-align:left;float:left;width:93px'><a href=\"http:\/\/www.specificfeeds.com\/widgets\/emailSubscribeEncFeed\/UUJSMGNCQWZnNU5xcU14WkZPTHBpVGxMMURLVE0xb0JCQzZoM3JJOSswL244Q3c1RHZCeE1zaTdHSHBudFJUWTN0eDBLc0RNcU84NUxwVFpKaCtwaXU3enJobWwyU2NBY1dhV29jRkhtRWoxNk5uLzZud2o0bi8wUkdjcU1qbEZ8cTV3SzdSSURoTFJnYXFDMnRtbkxPSkpFUHJVUXRyRWV0OWpkMTBKUFc4UT0=\/OA==\/\" target=\"_blank\"><img decoding=\"async\" src=\"https:\/\/aie-osd.al\/wp-content\/plugins\/ultimate-social-media-icons\/images\/follow_subscribe.png\" \/><\/a><span class=\"bot_no\">20<\/span><\/div><div class='sf_fb' style='text-align:left;width:125px'><div class=\"fb-like\" href=\"https:\/\/aie-osd.al\/?page_id=1293\" width=\"180\" send=\"false\" showfaces=\"false\"  action=\"like\" data-share=\"true\"data-layout=\"button_count\" ><\/div><\/div><div class='sf_twiter' style='text-align:left;float:left;width:auto'><a href=\"http:\/\/twitter.com\/share\" class=\"sr-twitter-button twitter-share-button\" lang=\"en\" data-counturl=\"https:\/\/aie-osd.al\/?page_id=1293\" data-url=\"https:\/\/aie-osd.al\/?page_id=1293\" data-text=\"\u00d6SD Zertifikat B1\" ><\/a><\/div><div class='sf_pinit' style='text-align:left;float:left;line-height: 20px;width:100px'><a href=\"https:\/\/www.pinterest.com\/pin\/create\/button\/?url=&media=&description=\" data-pin-do=\"buttonPin\" data-pin-save=\"true\"data-pin-count=\"beside\"><\/a><\/div><div class='sf_google' style='text-align:left;float:left;max-width:62px;min-width:35px;'><div class=\"g-plusone\" data-href=\"https:\/\/aie-osd.al\/?page_id=1293\" data-size=\"large\" ><\/div><\/div><\/div><\/div>","protected":false},"excerpt":{"rendered":"<p>Objektivi i provimit Certifikata OSD B1 analizon kapacitetin p\u00ebr p\u00ebrdorim t\u00eb pavarur t\u00eb gjuh\u00ebs n\u00eb situata t\u00eb p\u00ebrditshme dhe t\u00eb jet\u00ebs profesionale, n\u00eb t\u00eb cil\u00ebn kandidati ka kapacitet gjuh\u00ebsor&nbsp; t\u00eb mjaftuesh\u00ebm&nbsp; n\u00eb lidhje me tema t\u00eb njohura dhe interesat personale. <a href=\"https:\/\/aie-osd.al\/?page_id=1293\" class=\"read-more\">Read More &#8230;<\/a><\/p>\n","protected":false},"author":1,"featured_media":0,"parent":0,"menu_order":0,"comment_status":"closed","ping_status":"closed","template":"","meta":{"footnotes":""},"class_list":["post-1293","page","type-page","status-publish","hentry"],"_links":{"self":[{"href":"https:\/\/aie-osd.al\/index.php?rest_route=\/wp\/v2\/pages\/1293","targetHints":{"allow":["GET"]}}],"collection":[{"href":"https:\/\/aie-osd.al\/index.php?rest_route=\/wp\/v2\/pages"}],"about":[{"href":"https:\/\/aie-osd.al\/index.php?rest_route=\/wp\/v2\/types\/page"}],"author":[{"embeddable":true,"href":"https:\/\/aie-osd.al\/index.php?rest_route=\/wp\/v2\/users\/1"}],"replies":[{"embeddable":true,"href":"https:\/\/aie-osd.al\/index.php?rest_route=%2Fwp%2Fv2%2Fcomments&post=1293"}],"version-history":[{"count":20,"href":"https:\/\/aie-osd.al\/index.php?rest_route=\/wp\/v2\/pages\/1293\/revisions"}],"predecessor-version":[{"id":5395,"href":"https:\/\/aie-osd.al\/index.php?rest_route=\/wp\/v2\/pages\/1293\/revisions\/5395"}],"wp:attachment":[{"href":"https:\/\/aie-osd.al\/index.php?rest_route=%2Fwp%2Fv2%2Fmedia&parent=1293"}],"curies":[{"name":"wp","href":"https:\/\/api.w.org\/{rel}","templated":true}]}}