{"id":2165,"date":"2017-08-26T08:30:55","date_gmt":"2017-08-26T08:30:55","guid":{"rendered":"https:\/\/osd.al\/?page_id=2165"},"modified":"2022-12-05T09:11:21","modified_gmt":"2022-12-05T09:11:21","slug":"na-kontaktoni-2","status":"publish","type":"page","link":"https:\/\/aie-osd.al\/?page_id=2165","title":{"rendered":"Kontakt"},"content":{"rendered":"<p>Zyra Q\u00ebndrore AIEx-\u00d6SD:Rr. Dibr\u00ebs, Kompleksi Halili, Godina C1, Nd.64, H.2, Kati 1, Tirana-Albania, Nr: 044813303\u00a0 Qendra e kurseve AIEx-\u00d6SD:Sheshi Wilson, Rr. Sulejman Delvina, Pran\u00eb Postes Nr 8\u00a0 Please follow and like us:20<\/p>\n","protected":false},"excerpt":{"rendered":"<p>Zyra Q\u00ebndrore AIEx-\u00d6SD:Rr. Dibr\u00ebs, Kompleksi Halili, Godina C1, Nd.64, H.2, Kati 1, Tirana-Albania, Nr: 044813303\u00a0 Qendra e kurseve AIEx-\u00d6SD:Sheshi Wilson, Rr. Sulejman Delvina, Pran\u00eb Postes Nr 8\u00a0 Please follow and like us:20<\/p>\n","protected":false},"author":1,"featured_media":0,"parent":0,"menu_order":0,"comment_status":"closed","ping_status":"closed","template":"","meta":{"footnotes":""},"class_list":["post-2165","page","type-page","status-publish","hentry"],"_links":{"self":[{"href":"https:\/\/aie-osd.al\/index.php?rest_route=\/wp\/v2\/pages\/2165","targetHints":{"allow":["GET"]}}],"collection":[{"href":"https:\/\/aie-osd.al\/index.php?rest_route=\/wp\/v2\/pages"}],"about":[{"href":"https:\/\/aie-osd.al\/index.php?rest_route=\/wp\/v2\/types\/page"}],"author":[{"embeddable":true,"href":"https:\/\/aie-osd.al\/index.php?rest_route=\/wp\/v2\/users\/1"}],"replies":[{"embeddable":true,"href":"https:\/\/aie-osd.al\/index.php?rest_route=%2Fwp%2Fv2%2Fcomments&post=2165"}],"version-history":[{"count":64,"href":"https:\/\/aie-osd.al\/index.php?rest_route=\/wp\/v2\/pages\/2165\/revisions"}],"predecessor-version":[{"id":5707,"href":"https:\/\/aie-osd.al\/index.php?rest_route=\/wp\/v2\/pages\/2165\/revisions\/5707"}],"wp:attachment":[{"href":"https:\/\/aie-osd.al\/index.php?rest_route=%2Fwp%2Fv2%2Fmedia&parent=2165"}],"curies":[{"name":"wp","href":"https:\/\/api.w.org\/{rel}","templated":true}]}}