{"id":3768,"date":"2019-06-26T14:51:14","date_gmt":"2019-06-26T14:51:14","guid":{"rendered":"https:\/\/aie-osd.al\/?page_id=3768"},"modified":"2019-06-26T14:54:33","modified_gmt":"2019-06-26T14:54:33","slug":"was-ist-oesd","status":"publish","type":"page","link":"https:\/\/aie-osd.al\/?page_id=3768&lang=de","title":{"rendered":"Was ist \u00d6SD?"},"content":{"rendered":"<p><span style=\"color: #0776b6;\"><strong>\u00d6SD &#8211; \u00d6sterreichisches Sprachdiplom Deutsch<\/strong><\/span><\/p>\n<p>Das \u00d6SD-Zertifikat ist ein weltweit anerkanntes Diplom f\u00fcr Deutsch-Sprachniveaus in \u00dcbereinstimmung mit dem Gemeinsamen Europ\u00e4ischen Referenzrahmen f\u00fcr Sprachen (GeR).<\/p>\n<p>Der \u00d6SD Verein orientiert sich an internationalen Richtlinien und bietet eine standardisierte Zertifizierung Ihrer Sprachkenntnisse an.<\/p>\n<p>Das \u00d6SD-Pr\u00fcfungszentrum in Tirana ist sehr stark kommunikationsorientiert, es testet die sprachlichen F\u00e4higkeiten in realen Situationen, pers\u00f6nlichen Beziehungen, berufsbezogen usw.<\/p>\n<p>Das \u00d6SD-Pr\u00fcfungszentrum als Teil von Austrian Institute of Excellence wurde im September 2015 gegr\u00fcndet und erm\u00f6glicht \u00d6SD-Pr\u00fcfungen der Sprachniveaus von A1 bis inkl. B2.<\/p>\n<div class='sfsi_Sicons' style='width: 100%; display: inline-block; vertical-align: middle; text-align:right'><div style='margin:0px 8px 0px 0px; line-height: 24px'><span>Please follow and like us:<\/span><\/div><div class='sfsi_socialwpr'><div class='sf_subscrbe' style='text-align:left;float:left;width:93px'><a href=\"http:\/\/www.specificfeeds.com\/widgets\/emailSubscribeEncFeed\/UUJSMGNCQWZnNU5xcU14WkZPTHBpVGxMMURLVE0xb0JCQzZoM3JJOSswL244Q3c1RHZCeE1zaTdHSHBudFJUWTN0eDBLc0RNcU84NUxwVFpKaCtwaXU3enJobWwyU2NBY1dhV29jRkhtRWoxNk5uLzZud2o0bi8wUkdjcU1qbEZ8cTV3SzdSSURoTFJnYXFDMnRtbkxPSkpFUHJVUXRyRWV0OWpkMTBKUFc4UT0=\/OA==\/\" target=\"_blank\"><img decoding=\"async\" src=\"https:\/\/aie-osd.al\/wp-content\/plugins\/ultimate-social-media-icons\/images\/follow_subscribe.png\" \/><\/a><span class=\"bot_no\">20<\/span><\/div><div class='sf_fb' style='text-align:left;width:125px'><div class=\"fb-like\" href=\"https:\/\/aie-osd.al\/?page_id=3768&lang=de\" width=\"180\" send=\"false\" showfaces=\"false\"  action=\"like\" data-share=\"true\"data-layout=\"button_count\" ><\/div><\/div><div class='sf_twiter' style='text-align:left;float:left;width:auto'><a href=\"http:\/\/twitter.com\/share\" class=\"sr-twitter-button twitter-share-button\" lang=\"en\" data-counturl=\"https:\/\/aie-osd.al\/?page_id=3768&lang=de\" data-url=\"https:\/\/aie-osd.al\/?page_id=3768&lang=de\" data-text=\"Was ist \u00d6SD?\" ><\/a><\/div><div class='sf_pinit' style='text-align:left;float:left;line-height: 20px;width:100px'><a href=\"https:\/\/www.pinterest.com\/pin\/create\/button\/?url=&media=&description=\" data-pin-do=\"buttonPin\" data-pin-save=\"true\"data-pin-count=\"beside\"><\/a><\/div><div class='sf_google' style='text-align:left;float:left;max-width:62px;min-width:35px;'><div class=\"g-plusone\" data-href=\"https:\/\/aie-osd.al\/?page_id=3768&lang=de\" data-size=\"large\" ><\/div><\/div><\/div><\/div>","protected":false},"excerpt":{"rendered":"<p>\u00d6SD &#8211; \u00d6sterreichisches Sprachdiplom Deutsch Das \u00d6SD-Zertifikat ist ein weltweit anerkanntes Diplom f\u00fcr Deutsch-Sprachniveaus in \u00dcbereinstimmung mit dem Gemeinsamen Europ\u00e4ischen Referenzrahmen f\u00fcr Sprachen (GeR). Der \u00d6SD Verein orientiert sich an internationalen Richtlinien und bietet eine standardisierte Zertifizierung Ihrer Sprachkenntnisse an. <a href=\"https:\/\/aie-osd.al\/?page_id=3768&#038;lang=de\" class=\"read-more\">Read More &#8230;<\/a><\/p>\n","protected":false},"author":1,"featured_media":0,"parent":0,"menu_order":0,"comment_status":"closed","ping_status":"closed","template":"","meta":{"footnotes":""},"class_list":["post-3768","page","type-page","status-publish","hentry"],"_links":{"self":[{"href":"https:\/\/aie-osd.al\/index.php?rest_route=\/wp\/v2\/pages\/3768","targetHints":{"allow":["GET"]}}],"collection":[{"href":"https:\/\/aie-osd.al\/index.php?rest_route=\/wp\/v2\/pages"}],"about":[{"href":"https:\/\/aie-osd.al\/index.php?rest_route=\/wp\/v2\/types\/page"}],"author":[{"embeddable":true,"href":"https:\/\/aie-osd.al\/index.php?rest_route=\/wp\/v2\/users\/1"}],"replies":[{"embeddable":true,"href":"https:\/\/aie-osd.al\/index.php?rest_route=%2Fwp%2Fv2%2Fcomments&post=3768"}],"version-history":[{"count":4,"href":"https:\/\/aie-osd.al\/index.php?rest_route=\/wp\/v2\/pages\/3768\/revisions"}],"predecessor-version":[{"id":3772,"href":"https:\/\/aie-osd.al\/index.php?rest_route=\/wp\/v2\/pages\/3768\/revisions\/3772"}],"wp:attachment":[{"href":"https:\/\/aie-osd.al\/index.php?rest_route=%2Fwp%2Fv2%2Fmedia&parent=3768"}],"curies":[{"name":"wp","href":"https:\/\/api.w.org\/{rel}","templated":true}]}}